{"id":72,"date":"2020-11-15T17:42:19","date_gmt":"2020-11-15T16:42:19","guid":{"rendered":"https:\/\/footpaca.fr\/?page_id=72"},"modified":"2021-03-16T21:08:51","modified_gmt":"2021-03-16T20:08:51","slug":"comment","status":"publish","type":"page","link":"https:\/\/footpaca.fr\/?page_id=72","title":{"rendered":"Comment \u00e7a marche?"},"content":{"rendered":"\n<figure class=\"wp-block-gallery alignleft columns-1 is-cropped wp-block-gallery-1 is-layout-flex wp-block-gallery-is-layout-flex\"><ul class=\"blocks-gallery-grid\"><li class=\"blocks-gallery-item\"><figure><img loading=\"lazy\" decoding=\"async\" width=\"150\" height=\"150\" src=\"https:\/\/footpaca.fr\/wp-content\/uploads\/2020\/11\/Marche-150x150.jpg\" alt=\"\" data-id=\"149\" data-full-url=\"https:\/\/footpaca.fr\/wp-content\/uploads\/2020\/11\/Marche.jpg\" data-link=\"https:\/\/footpaca.fr\/?attachment_id=149#main\" class=\"wp-image-149\" srcset=\"https:\/\/footpaca.fr\/wp-content\/uploads\/2020\/11\/Marche-150x150.jpg 150w, https:\/\/footpaca.fr\/wp-content\/uploads\/2020\/11\/Marche-125x125.jpg 125w, https:\/\/footpaca.fr\/wp-content\/uploads\/2020\/11\/Marche-200x200.jpg 200w, https:\/\/footpaca.fr\/wp-content\/uploads\/2020\/11\/Marche-80x80.jpg 80w\" sizes=\"(max-width: 150px) 100vw, 150px\" \/><\/figure><\/li><\/ul><\/figure>\n\n\n\n<p class=\"has-text-align-center has-vivid-red-color has-text-color\"><strong>La recherche, la consultation et la publication d&#8217;une annonce est accessible pour tout public.<\/strong><\/p>\n\n\n\n<p class=\"has-text-align-center has-vivid-red-color has-text-color\"><strong>Il vous suffit d&#8217;avoir seulement une adresse de messagerie valide et le tour est jou\u00e9!<\/strong><\/p>\n\n\n\n<p class=\"has-black-color has-text-color\"><strong>Les publications d&#8217;annonces sont s\u00e9curis\u00e9es en 2 points<\/strong>:<\/p>\n\n\n\n<ol start=\"1\"><li>La validation d&#8217;un reCaptcha de s\u00e9curit\u00e9 pour valider dans un premier temps l&#8217;acc\u00e8s au formulaire de publication.<\/li><li>Lorsque votre annonce est valid\u00e9e par le site, vous recevez un mail vous demandant de confirmer votre demande.  <\/li><\/ol>\n\n\n\n<p class=\"has-text-align-left\">Suite \u00e0 votre validation votre annonce et publi\u00e9e et vous recevez un mail de confirmation accompagn\u00e9 d&#8217;une cl\u00e9. Cette cl\u00e9 vous permettra de modifier ou de supprimer votre annonce. Pas d&#8217;inqui\u00e9tude si vous avez perdue ou \u00e9gar\u00e9e votre cl\u00e9, vous pouvez la redemander en ligne. <\/p>\n\n\n\n<p>Vous \u00eates inform\u00e9 par mail des r\u00e9ponses \u00e0 votre annonce. N&#8217;oubliez pas de supprimer votre annonce d\u00e9s que vous avez obtenu satisfaction. <\/p>\n\n\n\n<p>En effet, cela vous \u00e9vitera de recevoir des messages inutiles.<\/p>\n\n\n\n<p><strong>Aucune inscription de compte est n\u00e9cessaire ! <\/strong>C&#8217;est <strong>gratuit et libre<\/strong> ! Seules les annonces correspondantes aux rubriques sont autoris\u00e9es ! <\/p>\n\n\n\n<p>Nous vous remercions de votre respect et de votre engagement.<\/p>\n","protected":false},"excerpt":{"rendered":"<p>La recherche, la consultation et la publication d&#8217;une annonce est accessible pour tout public. Il vous suffit d&#8217;avoir seulement une adresse de messagerie valide et le tour est jou\u00e9! Les publications d&#8217;annonces sont s\u00e9curis\u00e9es en 2 points: La validation d&#8217;un reCaptcha de s\u00e9curit\u00e9 pour valider dans un premier temps l&#8217;acc\u00e8s au formulaire de publication. Lorsque &#8230; <a title=\"Comment \u00e7a marche?\" class=\"read-more\" href=\"https:\/\/footpaca.fr\/?page_id=72\" aria-label=\"Read more about Comment \u00e7a marche?\">Lire la suite<\/a><\/p>\n","protected":false},"author":1,"featured_media":0,"parent":0,"menu_order":0,"comment_status":"closed","ping_status":"closed","template":"","meta":{"footnotes":""},"_links":{"self":[{"href":"https:\/\/footpaca.fr\/index.php?rest_route=\/wp\/v2\/pages\/72"}],"collection":[{"href":"https:\/\/footpaca.fr\/index.php?rest_route=\/wp\/v2\/pages"}],"about":[{"href":"https:\/\/footpaca.fr\/index.php?rest_route=\/wp\/v2\/types\/page"}],"author":[{"embeddable":true,"href":"https:\/\/footpaca.fr\/index.php?rest_route=\/wp\/v2\/users\/1"}],"replies":[{"embeddable":true,"href":"https:\/\/footpaca.fr\/index.php?rest_route=%2Fwp%2Fv2%2Fcomments&post=72"}],"version-history":[{"count":36,"href":"https:\/\/footpaca.fr\/index.php?rest_route=\/wp\/v2\/pages\/72\/revisions"}],"predecessor-version":[{"id":199,"href":"https:\/\/footpaca.fr\/index.php?rest_route=\/wp\/v2\/pages\/72\/revisions\/199"}],"wp:attachment":[{"href":"https:\/\/footpaca.fr\/index.php?rest_route=%2Fwp%2Fv2%2Fmedia&parent=72"}],"curies":[{"name":"wp","href":"https:\/\/api.w.org\/{rel}","templated":true}]}}